{"id":202,"date":"2017-07-04T14:47:25","date_gmt":"2017-07-04T12:47:25","guid":{"rendered":"http:\/\/sportmsleopoldsdorf.ac.at\/?page_id=202"},"modified":"2021-09-04T11:00:07","modified_gmt":"2021-09-04T09:00:07","slug":"impressum","status":"publish","type":"page","link":"https:\/\/sportmsleopoldsdorf.ac.at\/?page_id=202","title":{"rendered":"Impressum"},"content":{"rendered":"<p class=\"style37\"><strong><span lang=\"DE-AT\">Schulportal der<\/span><\/strong><\/p>\n<p class=\"style37\"><strong><span lang=\"DE-AT\">N\u00d6 Sport MS Leopoldsdorf i<span lang=\"de\">m<\/span>\u00a0M<\/span>archfeld<\/strong><\/p>\n<p class=\"style37\"><span class=\"style41\" lang=\"DE-AT\">Direktorin: Iris TUSCHEK<\/span><\/p>\n<p class=\"style37\"><span class=\"style41\" lang=\"DE-AT\">Hauptstra\u00dfe 2<br \/>\n2285 Leopoldsdorf im Marchfeld<\/span><\/p>\n<p class=\"style37\"><span class=\"style41\" lang=\"DE-AT\">Austria<\/span><\/p>\n<p class=\"style37\"><span class=\"style41\" lang=\"DE-AT\">Telefon : +43 2216 2269<\/span><\/p>\n<p class=\"style37\"><span class=\"style41\" lang=\"DE-AT\">Fax: +43 2216 30069<\/span><\/p>\n<p class=\"style37\"><span class=\"style41\" lang=\"DE-AT\">Konferenzzimmer: +43 664 8846 8368<\/span><\/p>\n<p class=\"style37\"><span class=\"style41\" lang=\"DE-AT\">E-Mail\u00a0\u00a0 :\u00a0<a href=\"mailto:hs.leopoldsdorf@noeschule.at\">nms.leopoldsdorf@noeschule.at<\/a><\/span><\/p>\n<p class=\"style37\"><span class=\"style41\" lang=\"DE-AT\">Internet: http:\/\/sportmsleopoldsdorf.ac.at<\/span><\/p>\n<p class=\"style37\"><span class=\"style41\" lang=\"DE-AT\">\u00a0<\/span><\/p>\n<p class=\"style37\"><span class=\"style41\" lang=\"DE-AT\"><strong class=\"style40\">Die Sport MS LEOPOLDSDORF ist bem\u00fcht, ihren Webauftritt stets aktuell und inhaltlich richtig zu halten. Das Auftreten von Fehlern ist jedoch trotzdem nicht auszuschlie\u00dfen. Die Direktion der Sport MS Leopoldsdorf \u00fcbernimmt keinerlei Haftung f\u00fcr die Aktualit\u00e4t, die inhaltliche Richtigkeit, sowie die Vollst\u00e4ndigkeit der in ihrem Webangebot eingestellten Informationen. F\u00fcr den Inhalt der verlinkten Seiten sind ausschlie\u00dflich deren Betreiber verantwortlich. Dies bezieht sich auf eventuelle Sch\u00e4den materieller oder ideeller Art Dritter, die durch die Nutzung dieses Webangebotes verursacht wurden.<\/strong><\/span><\/p>\n<p class=\"style37\"><span class=\"style41\" lang=\"DE-AT\"><strong class=\"style40\">Gesch\u00fctzte Marken und Namen, Bilder und Texte werden auf unseren Seiten in der Regel nicht als solche kenntlich gemacht. Das Fehlen einer solchen Kennzeichnung bedeutet jedoch nicht, dass es sich um einen freien Namen, ein freien Bildes oder einen freien Text im Sinne des Markenzeichenrechtes handelt.<\/strong><\/span><\/p>\n<p class=\"style37\"><span class=\"style41\" lang=\"DE-AT\"><strong class=\"style40\">Dies gilt f\u00fcr die \u00dcbersichtsseite und auch alle Unterseiten der Domain der Sport MS Leopoldsdorf!<\/strong><\/span><\/p>\n","protected":false},"excerpt":{"rendered":"<p>Schulportal der N\u00d6 Sport MS Leopoldsdorf im\u00a0Marchfeld Direktorin: Iris TUSCHEK&hellip;<\/p>\n","protected":false},"author":1,"featured_media":0,"parent":0,"menu_order":0,"comment_status":"closed","ping_status":"closed","template":"","meta":{"footnotes":""},"class_list":["post-202","page","type-page","status-publish","hentry"],"_links":{"self":[{"href":"https:\/\/sportmsleopoldsdorf.ac.at\/index.php?rest_route=\/wp\/v2\/pages\/202","targetHints":{"allow":["GET"]}}],"collection":[{"href":"https:\/\/sportmsleopoldsdorf.ac.at\/index.php?rest_route=\/wp\/v2\/pages"}],"about":[{"href":"https:\/\/sportmsleopoldsdorf.ac.at\/index.php?rest_route=\/wp\/v2\/types\/page"}],"author":[{"embeddable":true,"href":"https:\/\/sportmsleopoldsdorf.ac.at\/index.php?rest_route=\/wp\/v2\/users\/1"}],"replies":[{"embeddable":true,"href":"https:\/\/sportmsleopoldsdorf.ac.at\/index.php?rest_route=%2Fwp%2Fv2%2Fcomments&post=202"}],"version-history":[{"count":3,"href":"https:\/\/sportmsleopoldsdorf.ac.at\/index.php?rest_route=\/wp\/v2\/pages\/202\/revisions"}],"predecessor-version":[{"id":1270,"href":"https:\/\/sportmsleopoldsdorf.ac.at\/index.php?rest_route=\/wp\/v2\/pages\/202\/revisions\/1270"}],"wp:attachment":[{"href":"https:\/\/sportmsleopoldsdorf.ac.at\/index.php?rest_route=%2Fwp%2Fv2%2Fmedia&parent=202"}],"curies":[{"name":"wp","href":"https:\/\/api.w.org\/{rel}","templated":true}]}}