{"id":224,"date":"2017-07-04T21:10:19","date_gmt":"2017-07-04T19:10:19","guid":{"rendered":"http:\/\/sportmsleopoldsdorf.ac.at\/?page_id=224"},"modified":"2024-10-01T08:41:59","modified_gmt":"2024-10-01T06:41:59","slug":"berufsorientierung","status":"publish","type":"page","link":"https:\/\/sportmsleopoldsdorf.ac.at\/?page_id=224","title":{"rendered":"Bildungs- und Berufsorientierung"},"content":{"rendered":"<p>Der Pflichtgegenstand Berufsorientierung, der bereits aufgrund der hohen Qualit\u00e4t des Unterrichts mit dem\u00a0<strong>BO-G\u00fctesiegel\u00a0<\/strong>ausgezeichnet wurde, wird an der Sportmittelschule Leopoldsdorf im Marchfeld sehr verantwortungsbewusst durchgef\u00fchrt.<\/p>\n<p>In der 7. Schulstufe beinhaltet die Stundentafel eine fixe Wochenstunde in jeder Klasse. In der 8. Schulstufe wird Berufsorientierung in allen Unterrichtsf\u00e4chern integriert.<\/p>\n<p>M\u00f6gliche Inhalte:<\/p>\n<ul>\n<li>Pers\u00f6nlichkeitsbildung\u00a0(W\u00fcnsche, Interessen, St\u00e4rken, F\u00e4higkeiten, Neigungen, Eignungen)<\/li>\n<li>Pers\u00f6nliche Lebens- und Berufsplanung<\/li>\n<li>St\u00e4rkung des Selbstwertgef\u00fchles<\/li>\n<li>Unterschiedliche Geschlechterrollen bewerten und begutachten<\/li>\n<li>Selbstbild vs. Fremdbild<\/li>\n<li>Selbstbestimmte und fremdbestimmte Arbeit im Vergleich<\/li>\n<li>Anforderungsprofile f\u00fcr verschiedene Berufe, Ausbildungen und Schulen<\/li>\n<li>Gesetzliche Grundlagen in der Berufs- und Arbeitswelt<\/li>\n<li>\u00d6sterreichisches Bildungssystem im Detail<\/li>\n<li>Ver\u00e4nderungen in der Arbeitswelt und am Arbeitsmarkt<\/li>\n<\/ul>\n<p>&nbsp;<\/p>\n<p>Des Weiteren finden f\u00fcr die Sch\u00fcler und Sch\u00fclerinnen der 7. und 8. Schulstufe zahlreiche Exkursionen, Lehrausg\u00e4nge und Veranstaltungen an der Schule statt, bei denen wichtige Inhalte aus den Bereichen Berufswahl und weiterf\u00fchrende Schulen angeboten werden.<\/p>\n<p>Hier ein kleiner \u00dcberblick:<\/p>\n<p>&nbsp;<\/p>\n<ul>\n<li>Berufsinformationsmesse\u00a0an der Schule (alle zwei Jahre)<br \/>\nab SJ 2023\/24 im neuen Format &#8211; Details folgen<\/li>\n<li>Berufspraktische Tage\u00a0(8. Schulstufe)<\/li>\n<li>N\u00d6 Talente Check\u00a0(7. oder 8. Schulstufe)<\/li>\n<li>Zahlreiche Vortr\u00e4ge und Workshops<\/li>\n<li>Exkursionen zu diversen Messen, Tagen der offenen T\u00fcr, Firmen usw.<\/li>\n<li>Jobcoaching\u00a0(f\u00fcr Sch\u00fcler und Sch\u00fclerinnen ab 9. Schulstufe)<\/li>\n<li>Durchf\u00fchrung bzw. Teilnahme an Wettbewerben\/Erhebungen (BBO Tool, Talentastic)<\/li>\n<\/ul>\n<p>&nbsp;<\/p>\n<p>Um die Sch\u00fcler und Sch\u00fclerinnen bestm\u00f6glich mit Informationsmaterial zu versorgen, befindet sich im\u00a0<strong>Erdgeschoss der Schule neben der K\u00fcche ein Kasten<\/strong>, auf dem verschiedene aktuelle Flyer, Brosch\u00fcren usw. zu Tagen der offenen T\u00fcr, Jobcoaching und Lehrberufen ausgelegt sind. Diesen Kasten k\u00f6nnen die Sch\u00fcler und Sch\u00fclerinnen selbstst\u00e4ndig w\u00e4hrend den Pausen aufsuchen und sich verantwortungsbewusst mit Informationsmaterial eindecken.<\/p>\n<p>Zus\u00e4tzlich besteht die M\u00f6glichkeit sich mit Hilfe der\u00a0<strong>Pinnw\u00e4nde vis a vis des Garderobeneinganges\u00a0<\/strong>einen kleinen \u00dcberblick \u00fcber die aktuellen Angebote an Tagen der offenen T\u00fcr an \u00f6sterreichischen Schulen zu verschaffen.<\/p>\n<p>Weiter Informationen finden Sie auf folgenden Homepages:<\/p>\n<ul>\n<li><a href=\"http:\/\/www.bic.at\/\">www.bic.at<\/a><\/li>\n<li><a href=\"http:\/\/www.bewerben.at\/\">www.bewerben.at<\/a><\/li>\n<li><a href=\"http:\/\/www.berufskompass.at\/\">www.berufskompass.at<\/a><\/li>\n<li><a href=\"http:\/\/www.lehre-respekt.at\">www.lehre-respekt.at<\/a><\/li>\n<li><a href=\"http:\/\/www.ams.at\/\">www.ams.at<\/a><\/li>\n<li><a href=\"http:\/\/www.berufsschule.at\/\">www.berufsschule.at<\/a><\/li>\n<li><a href=\"http:\/\/www.berufslexikon.at\/\">www.berufslexikon.at<\/a><\/li>\n<li><a href=\"http:\/\/www.arbeitszimmer.cc\/\">www.arbeitszimmer.cc<\/a><\/li>\n<li><u>www.whatchado.com<\/u><\/li>\n<li><a href=\"http:\/\/www.playmit.com\">www.playmit.com<\/a><\/li>\n<li><a href=\"http:\/\/www.talentastic.at\">www.talentastic.at<\/a><\/li>\n<\/ul>\n<p>&nbsp;<\/p>\n<p>&nbsp;<\/p>\n<p>Bei Fragen stehen wir gerne, nach telefonischer Terminvereinbarung, in den Sprechstunden zur Verf\u00fcgung.<\/p>\n<p>&nbsp;<\/p>\n<p>Mit freundlichen Gr\u00fc\u00dfen<\/p>\n<p>&nbsp;<\/p>\n<p>Nicole Bannert (BO &#8211; Koordinatorin)<\/p>\n<p>&nbsp;<\/p>\n","protected":false},"excerpt":{"rendered":"<p>Der Pflichtgegenstand Berufsorientierung, der bereits aufgrund der hohen Qualit\u00e4t des&hellip;<\/p>\n","protected":false},"author":1,"featured_media":0,"parent":0,"menu_order":0,"comment_status":"closed","ping_status":"closed","template":"","meta":{"footnotes":""},"class_list":["post-224","page","type-page","status-publish","hentry"],"_links":{"self":[{"href":"https:\/\/sportmsleopoldsdorf.ac.at\/index.php?rest_route=\/wp\/v2\/pages\/224","targetHints":{"allow":["GET"]}}],"collection":[{"href":"https:\/\/sportmsleopoldsdorf.ac.at\/index.php?rest_route=\/wp\/v2\/pages"}],"about":[{"href":"https:\/\/sportmsleopoldsdorf.ac.at\/index.php?rest_route=\/wp\/v2\/types\/page"}],"author":[{"embeddable":true,"href":"https:\/\/sportmsleopoldsdorf.ac.at\/index.php?rest_route=\/wp\/v2\/users\/1"}],"replies":[{"embeddable":true,"href":"https:\/\/sportmsleopoldsdorf.ac.at\/index.php?rest_route=%2Fwp%2Fv2%2Fcomments&post=224"}],"version-history":[{"count":10,"href":"https:\/\/sportmsleopoldsdorf.ac.at\/index.php?rest_route=\/wp\/v2\/pages\/224\/revisions"}],"predecessor-version":[{"id":2145,"href":"https:\/\/sportmsleopoldsdorf.ac.at\/index.php?rest_route=\/wp\/v2\/pages\/224\/revisions\/2145"}],"wp:attachment":[{"href":"https:\/\/sportmsleopoldsdorf.ac.at\/index.php?rest_route=%2Fwp%2Fv2%2Fmedia&parent=224"}],"curies":[{"name":"wp","href":"https:\/\/api.w.org\/{rel}","templated":true}]}}