{"id":2441,"date":"2025-10-24T10:50:20","date_gmt":"2025-10-24T08:50:20","guid":{"rendered":"http:\/\/sportmsleopoldsdorf.ac.at\/?page_id=2441"},"modified":"2026-01-23T14:30:44","modified_gmt":"2026-01-23T12:30:44","slug":"vertrauenslehrerin-cornelia-oesterreicher","status":"publish","type":"page","link":"https:\/\/sportmsleopoldsdorf.ac.at\/?page_id=2441","title":{"rendered":"Vertrauenslehrerin Cornelia \u00d6sterreicher\u00a0"},"content":{"rendered":"<p style=\"font-weight: 400;\">Vertrauenslehrerin Cornelia \u00d6sterreicher<\/p>\n<p style=\"font-weight: 400;\">Als Vertrauenslehrerin bin ich f\u00fcr euch da, wenn euch etwas besch\u00e4ftigt, ganz egal, worum es geht. Ob Sorgen in der Schule, Streit mit Freunden oder Themen, \u00fcber die ihr einfach mit jemandem sprechen m\u00f6chtet: Ihr k\u00f6nnt euch jederzeit an mich wenden.<\/p>\n<p style=\"font-weight: 400;\">Meine Sprechstunde ist\u00a0<strong>jeden Mittwoch in der 5. Stunde<\/strong>. Bitte gebt mir vorher kurz Bescheid, dann hole ich euch zu mir.<br \/>\nBei\u00a0<strong>dringenden Anliegen<\/strong>\u00a0d\u00fcrft ihr euch nat\u00fcrlich\u00a0<strong>jederzeit<\/strong>\u00a0melden, auch zwischendurch.<\/p>\n<p style=\"font-weight: 400;\">Ich freue mich, wenn ihr euch meldet, gemeinsam finden wir immer einen Weg.\u00a0 \ud83d\ude00<\/p>\n<p style=\"font-weight: 400;\"><img fetchpriority=\"high\" decoding=\"async\" src=\"http:\/\/sportmsleopoldsdorf.ac.at\/wp-content\/uploads\/2025\/10\/123.jpg\" alt=\"\" width=\"500\" height=\"689\" \/><\/p>\n","protected":false},"excerpt":{"rendered":"<p>Vertrauenslehrerin Cornelia \u00d6sterreicher Als Vertrauenslehrerin bin ich f\u00fcr euch da,&hellip;<\/p>\n","protected":false},"author":1,"featured_media":0,"parent":0,"menu_order":0,"comment_status":"closed","ping_status":"closed","template":"","meta":{"footnotes":""},"class_list":["post-2441","page","type-page","status-publish","hentry"],"_links":{"self":[{"href":"https:\/\/sportmsleopoldsdorf.ac.at\/index.php?rest_route=\/wp\/v2\/pages\/2441","targetHints":{"allow":["GET"]}}],"collection":[{"href":"https:\/\/sportmsleopoldsdorf.ac.at\/index.php?rest_route=\/wp\/v2\/pages"}],"about":[{"href":"https:\/\/sportmsleopoldsdorf.ac.at\/index.php?rest_route=\/wp\/v2\/types\/page"}],"author":[{"embeddable":true,"href":"https:\/\/sportmsleopoldsdorf.ac.at\/index.php?rest_route=\/wp\/v2\/users\/1"}],"replies":[{"embeddable":true,"href":"https:\/\/sportmsleopoldsdorf.ac.at\/index.php?rest_route=%2Fwp%2Fv2%2Fcomments&post=2441"}],"version-history":[{"count":2,"href":"https:\/\/sportmsleopoldsdorf.ac.at\/index.php?rest_route=\/wp\/v2\/pages\/2441\/revisions"}],"predecessor-version":[{"id":2730,"href":"https:\/\/sportmsleopoldsdorf.ac.at\/index.php?rest_route=\/wp\/v2\/pages\/2441\/revisions\/2730"}],"wp:attachment":[{"href":"https:\/\/sportmsleopoldsdorf.ac.at\/index.php?rest_route=%2Fwp%2Fv2%2Fmedia&parent=2441"}],"curies":[{"name":"wp","href":"https:\/\/api.w.org\/{rel}","templated":true}]}}